when 18 is divided by n?
8
Suppose -2*b + 2*a + 24 = 0, 0*a - 4 = 2*a. What is the remainder when 17 is divided by b?
7
Let f(w) = 3*w - 1. Let x be f(3). Let u = x - 6. Suppose -2*s = u*s - 120. What is the remainder when s is divided by 8?
6
Suppose -4*m = -5*z + 840 + 473, -m - 2 = 0. Let x be (33/(-6) - -4)/((-4)/616). Suppose -6*g = -x - z. What is the remainder when g is divided by 21?
19
What is the remainder when 7 + -5 - 3 - -228 is divided by 72?
11
Suppose m = -f + 764, -4*f - 71*m + 3070 = -74*m. Calculate the remainder when f is divided by 12.
10
Suppose 3*w + 4*m = 3, -1 = w + 4*m + 6. What is the remainder when 6 is divided by w?
1
Suppose 6*r = r + 320. Suppose 2*m - 2*h - 3*h = 41, -5*h = m + 2. Calculate the remainder when r is divided by m.
12
Let t(j) = j**3 - 12*j**2 - 12*j + 1. Suppose 0*m + 3*m - 2*y - 32 = 0, -3*m + 3*y = -30. What is the remainder when (m/36)/((-1)/(-81)) is divided by t(13)?
13
Calculate the remainder when 95 is divided by (-3)/(-1 + 47/50).
45
Let v = 118 + -96. Calculate the remainder when 62 is divided by v.
18
Suppose -4*f + 1297 = -4*w + 317, -w - 5*f = 245. Calculate the remainder when 1/(4 + 975/w) is divided by 13.
10
What is the remainder when 220 is divided by 111/(3/(-5 - -6))?
35
Suppose -2*y = -4*a - 30 - 308, -5*a = y - 155. Calculate the remainder when y is divided by 3060/110 + 2/11.
25
Let q(v) = -v**2 + 20*v - 7. Let m be q(17). Suppose -23*j = -19*j - m. Calculate the remainder when 52 is divided by j.
8
Let j = 1829 + -1801. Calculate the remainder when 1284 is divided by j.
24
Let h(n) = -n**2 - 38*n - 348. What is the remainder when (-100)/(-6) - (-2)/6 is divided by h(-21)?
8
Suppose 3*v - 47 = -w, 78 + 109 = 5*w - v. Let y be ((-5)/(-3))/(2/48*8). Let z(g) = g**2 + g - 10. Calculate the remainder when w is divided by z(y).
18
Suppose 0 = -56*i + 307 + 1485. What is the remainder when 50 is divided by i?
18
Let v = 239 + -224. Let p be (-2)/10*4*-10. Calculate the remainder when v is divided by ((-54)/(-24))/(2/p).
6
Suppose -2*i - 17 = -l + 110, 2*l = -4*i + 230. Calculate the remainder when l is divided by 31.
28
Suppose -19*k + 224 = -99. Suppose -5*t - 5*o = -8*o - 13, -3*o + k = t. Suppose 0 = u - 3*u + 24. What is the remainder when u is divided by t?
2
Let y(z) = 2*z**2 + 30*z - 36. What is the remainder when 141 is divided by y(-17)?
13
Suppose 20*l - 18*l = 5*y - 45, 9 = y - 2*l. Calculate the remainder when 47 is divided by y.
2
Suppose 5*y - 387 = -4*y. Calculate the remainder when 84 is divided by y.
41
Let a = -161 - -164. Calculate the remainder when a is divided by 1.
0
Calculate the remainder when (-11)/((-132)/1968) - (1 + -2) is divided by 85.
80
Suppose 0*h + 46 = 2*h. What is the remainder when -2 + (-21)/((-189)/396) is divided by h?
19
Suppose -501 = -41*l + 524. Calculate the remainder when 996 is divided by l.
21
Let i = 958 + -951. Calculate the remainder when 18 is divided by i.
4
Let q(x) = 14*x - 51. Calculate the remainder when 71 is divided by q(5).
14
Let w = 1719 - 1691. What is the remainder when 85 is divided by w?
1
Suppose 45*i = -2*i + 846. Calculate the remainder when 136 is divided by i.
10
Suppose -17*c = 5*c - 4202. Suppose c = 2*i - 5. Calculate the remainder when i is divided by (-198)/(-8) - 2/(-8).
23
Suppose 3*s = -3*t + 30, -4*s + 0*t = 2*t - 32. Calculate the remainder when (-1)/(-4) + (-7385)/(-140) is divided by s.
5
Suppose 258 + 1173 = 27*b. What is the remainder when b is divided by (3 - 1) + (15 - 3)?
11
Let n(m) = 21*m - 47. Calculate the remainder when n(8) is divided by 44.
33
Let j = 1 - 1. Suppose 4*z - 3*i - 179 = j, 0*i + 175 = 4*z + i. Suppose 4*k - 72 = 2*r, k + 5*r + z = 3*k. Calculate the remainder when 31 is divided by k.
14
Let u = 1346 + -1261. Calculate the remainder when 509 is divided by u.
84
Suppose -2*d = -0*d - 4. Suppose d*i + 17 - 81 = 0. Suppose -23*r + 8*r + 135 = 0. Calculate the remainder when i is divided by r.
5
Calculate the remainder when 58 - (-1 + (-1)/(3/(-15))) is divided by 32.
22
Suppose -5*o - s - s = -816, -4*o + s + 658 = 0. Let d = -45 + 100. What is the remainder when o is divided by d?
54
Suppose -4*t - 316 = -524. What is the remainder when 127 is divided by t?
23
Suppose 1 = 3*c - 35. Suppose 0 = 4*a + c, 4 = 3*i - 4*a - 53. Let x(z) = -z**2 - 5*z. Calculate the remainder when i is divided by x(-3).
3
Let d = 8 - 24. Let r = 28 + d. Let o = -8 + r. Calculate the remainder when o is divided by 2.
0
Let f(t) = -t**3 - 2*t**2 + 4. Calculate the remainder when 204 is divided by f(-3).
9
Let v = 53 + -37. What is the remainder when 31 is divided by (-30)/(-12)*v/5?
7
Let d(q) = -q - 3. Let w be d(-7). Let y = 7 - 4. Suppose c + c = -u + 41, y*c - 59 = -w*u. Calculate the remainder when 60 is divided by c.
18
Suppose 65 = 18*c - 13*c. Let y = 17 - c. Calculate the remainder when y is divided by 3.
1
Let z(k) = -9*k - 13. Let y = 4 - -46. Calculate the remainder when y is divided by z(-3).
8
Suppose -t = -18 - 116. Calculate the remainder when t is divided by 28.
22
Let f(z) = z**3 - 57*z**2 - 173*z + 29. What is the remainder when f(60) is divided by 23?
12
Let j = -113 - -48. Let b be (-1310)/j + 4/(-26). Let g = 23 - b. What is the remainder when 9 is divided by g?
0
Let q = -667 - -710. Calculate the remainder when 194 is divided by q.
22
Suppose -i = 5*k + 8, -78 = -4*i - 8*k + 10*k. Let a(t) = -t + 67. Calculate the remainder when a(0) is divided by i.
16
Suppose -3*j + 370 = 2*m, 5*m = -7 - 13. Suppose 3*z = 5*z - j. What is the remainder when z is divided by 22?
19
Suppose 15*j = 9*j + 408. Calculate the remainder when j is divided by 6.
2
Let l = -550 + 693. What is the remainder when l is divided by 24?
23
Let m = -55 + 279. What is the remainder when m is divided by 24?
8
Let m(t) = 3*t**2 + 8*t + 120. What is the remainder when m(-9) is divided by 14?
11
Suppose 4*c + 3*t = 246, 3*c - t - 53 = 112. Let u = 7 + 8. What is the remainder when c is divided by u?
12
Let v = -1067 + 1731. What is the remainder when v is divided by 111?
109
Let h(v) = -v**3 + 57*v**2 + 52*v + 406. What is the remainder when h(58) is divided by 25?
8
Calculate the remainder when (-9)/(-12) + (3 - 533/(-4)) is divided by 28.
25
Let q = -473 - -522. Let u(x) = x**2 - 4*x - 2. What is the remainder when q is divided by u(6)?
9
Let k(h) = h**3 - 15*h**2 + 76*h + 13. What is the remainder when k(8) is divided by 7?
5
Let j(t) = -7*t + 16. What is the remainder when j(-9) is divided by 20 + 0/(-3) + (-20)/(-10)?
13
Suppose 5*t = 3*n + 35, -n + 13 = -5*t + 48. Suppose -t*b + 32 + 129 = 0. Calculate the remainder when 111 is divided by b.
19
Let r be 0 - -3 - (-28 - -10). What is the remainder when 93 is divided by (36/r)/((-8)/(-112))?
21
Suppose 3*o + 4*d = -10, 2*o - 5*d - 4 = 20. Suppose -3*w = c - 43, o*c + w - 2*w - 121 = 0. Calculate the remainder when c is divided by 21.
16
Suppose 5*v - 4*w - 31 = 35, 34 = 5*v + 4*w. Calculate the remainder when ((-96)/10)/((-2)/v) is divided by (4 - 13 - 8)/(1*-1).
14
Let r = 18 - 7. Suppose 10*d = r*d - 25. Suppose 16 = 5*c - 2*c + 5*m, 5*c - 5*m = 40. Calculate the remainder when d is divided by c.
4
Suppose 0 = -5*u + 8*x - 13*x + 110, u = -5*x + 26. Calculate the remainder when (-4)/10 - (-794)/10 is divided by u.
16
Let k = -1445 + 1532. What is the remainder when k is divided by 16?
7
Suppose -2*f = 10, 2*c + 0*c + 5*f - 29 = 0. Suppose -2 = -o + x - 22, 84 = -5*o + x. Calculate the remainder when c is divided by ((-18)/8)/(6/o).
3
Let g = 36 - 12. Calculate the remainder when g is divided by 5.
4
Suppose -5*r + 155 = 5*f, 5*r = -f + 12 + 7. Calculate the remainder when 47 is divided by f.
13
Let j = -6 - -8. Let k = -339 + 341. Suppose -5*l = f - k*f - 13, j*f - 39 = -3*l. What is the remainder when 44 is divided by f?
8
Let q = 27 + -7. Suppose -3*a = 226 + 5. Let m = a - -155. Calculate the remainder when m is divided by q.
18
Let y(a) = -7*a + 44. Calculate the remainder when 1053 is divided by y(0).
41
Suppose -5*k = -3*k - 546. Calculate the remainder when k is divided by 23.
20
Let w(j) be the third derivative of -37*j**4/24 - j**3/3 - 4*j**2. Suppose 0*v = 2*v, 2*n + 2 = v. What is the remainder when 69 is divided by w(n)?
34
Calculate the remaind